) + -20)?
-16
Evaluate (-7 - (0 - 6)) + 8 + -3 - 10.
-6
Calculate -3491 + 3508 + 0 + (-1 - 1).
15
What is (0 - 16 - -16) + -17 + 8?
-9
Evaluate -12 - -28 - (5 + -1 + -12) - 7.
17
What is (-38 - -51) + (1 + -4 - -3)?
13
(2 + -15 - (4 + 6 - 8)) + 5
-10
Evaluate 10 - (0 + 1 + -4 + 4) - 21.
-12
-5 - ((23 - 2) + -19)
-7
Evaluate -26 + (14 - 4) + 11 + -3.
-8
(-4 + -1 - (-5 + 4)) + -161 + 147
-18
Evaluate 2 + -7 - -19 - 1.
13
What is the value of -23 + -1 + (-1902 - -1910)?
-16
What is (-2 - -10 - 3 - -1) + (-10 - -8)?
4
What is the value of -14 + (6 - 3) + 18 + -7?
0
Calculate 2 - 10 - (-7 - -9).
-10
Calculate -35 + 0 + (-85 - -87) - -6.
-27
What is the value of (-384 - -370) + (24 - 4)?
6
What is 16 + (27 - 47) - (1 - -7)?
-12
Calculate -3 + 28 - (7 - (1 + 7 + -7)).
19
Calculate -2 + 1 + 8 + -67 + 58.
-2
What is the value of 8 - 12 - (7 + 14 + 7)?
-32
-10 + -3 + (0 - -4) + 64 + -24
31
Evaluate (-19 - 7 - -7) + (13 - (7 + -2)).
-11
Evaluate (13 - 1) + (984 - 975).
21
What is the value of -3 - (17 - -1 - 12)?
-9
What is -2 - -4 - -8 - (-33 + -9 + 29)?
23
What is the value of 0 - (-3 + -14 + (8 - 6) + -4)?
19
Calculate -26 - (-17 - -8 - 13).
-4
What is -10 + (38 - 35 - (9 - 1)) + 8?
-7
What is the value of 2 - (0 + 22) - (592 + -582)?
-30
Evaluate (-5 - -8 - -1) + (-5 - -1) + 12.
12
20 + (-10 - (0 + -3 - 1))
14
Calculate -32 + 14 + 34 - (9 + -1).
8
What is -8 - ((-6 - 1) + (-45 - -41))?
3
Evaluate 4 + (-13 - -17) - ((-2 - -2) + -2).
10
What is the value of 29 + -22 - 2 - 19?
-14
(13 - (-9 + -7)) + -2
27
-11 - (-1 + 24 + -52)
18
2 + 0 + 5 + 0 + -9 + 5
3
0 + -13 - -9 - 6 - -6
-4
-17 + -9 + 21 - -1
-4
What is the value of 12 - (-16 + 3 - -34)?
-9
Calculate -44 + 35 + (-8 - -6) - -6.
-5
Calculate 1 + -6 + 2 + -7 + (1 - -8).
-1
Calculate -5 + (-12 - -20) - (-1 + -1) - 7.
-2
Evaluate -9 + -15 - (8 - (12 - 0) - -6).
-26
Calculate -10 + (11 - (-8 - -10)).
-1
What is the value of (-14 - (6 + 7) - 5) + (3 - -6)?
-23
Evaluate (0 - 8) + -6 - -20.
6
What is the value of (1 - 6) + -30 + 36 - (4 + 4)?
-7
What is the value of -3 - ((-9 - -5) + -8)?
9
Evaluate 10 + 1 + -4 + 14 - 3.
18
What is the value of -18 - 0 - (50 - 60)?
-8
Evaluate -1 - (-10 + 1 + -2 + -3 + 30).
-17
What is the value of -6 + (1 - (1 - (1 - -2) - -5))?
-8
What is the value of -34 - -87 - (12 + 10)?
31
5 + (-6 - -1 - -1) + 3
4
Evaluate -9 + (-2 - (2 - 11 - -4)).
-6
(-2 - (-6 + 1 - (-4 + 4))) + 6
9
Evaluate 1 - (12 + -5 - (0 - -3)).
-3
Evaluate 18 + -29 + 19 + (3 - -1).
12
What is 1 + -5 + -3 + -7 + (17 - 13)?
-10
Calculate (-12 - 3) + 51 + -38.
-2
10 + -14 + 5 - 5 - -4
0
Evaluate 5 + (9 - 0) + (-6 - (-1 + 2)).
7
Evaluate 3 + -9 + (-5 - -8) - -15 - 4.
8
Evaluate -14 + (12 - -2) - (-1 - -3).
-2
Calculate -17 + (-4 - 0 - -17).
-4
What is -17 + 2 + 5 + 20?
10
1 - 59 - -18 - -32
-8
3 + -2 - (-10 - -19)
-8
Evaluate (1 + -4 + 8 - (-12 - -22)) + 1.
-4
What is the value of (14 - (-5 + -6 - -4 - -6)) + -4?
11
Evaluate 9 - (-1 - (-10 + 27 + -6 + 1)).
22
What is -50 - (-4 - (31 + 7))?
-8
What is (-11 - (-22 - -15)) + 10?
6
-21 + (20 + -2 - 9 - 13)
-25
Calculate (2 + -24 - -14) + 11.
3
-51 + 2 + 61 + 0 + 0
12
(2 - (-14 + -1)) + -512 + 493
-2
What is (-21 + 37 - (6 - 4)) + -8?
6
What is (-51 - -31) + -5 + 0 + 17?
-8
What is 1 + (4 - 5) + 18 + -13?
5
What is -14 - (-3 - 11 - 15)?
15
What is -38 + (50 - 48) - (-6 + -2)?
-28
What is the value of (5 - 2) + 2 + -1 - (-2 + -2)?
8
Evaluate (-88 - -86 - (-4 - 4)) + 26.
32
Evaluate (-2 - (-2 + 9) - -8) + 2 + 2.
3
(2 - -8 - 8 - 10) + 7 + -7
-8
(-33 - -1) + (-24 - 26 - -55)
-27
18 + 5 + -30 + 18
11
What is the value of 8 - (-1 - (16 + -33))?
-8
What is the value of 14 - (26 - 30 - -15)?
3
What is the value of 2 + (-3 - -10) - 25?
-16
Evaluate 2 - 2 - (-10 - -2).
8
8 - (-2 - (-31 + 19))
-2
8 + -1 - (-15 + 18) - -2
6
What is the value of 10 + (-28 - (-4 + (1 - -9) + -16))?
-8
What is the value of 6 - ((2 - -1) + (-12 - -15) + 4)?
-4
What is -3 + (10 - (16 + (-9 - -8)))?
-8
-16 + -2 - (31 - (25 - -12))
-12
Evaluate 8 + -18 - -11 - -12.
13
What is the value of 5 + (16 - 15) - (1 - (-15 + 0))?
-10
Calculate 16 - 17 - (-2 + 9 - (1 + -2)).
-9
162 + -173 + (10 - -1) - -12
12
What is the value of 5 - (-2 + -3 + 6 + -13 + 5)?
12
What is 1 + -16 + 83 + -87?
-19
What is -2 - (11 - (4 + (14 - 9)))?
-4
Evaluate -4 + -5 + -1 + 6 + 2 - 3.
-5
What is the value of 14 + (0 - -11) + -13?
12
Calculate 7 - (16 - 17) - (-1 - -1).
8
Evaluate -12 + 33 + (-15 - 11).
-5
What is the value of -5 - ((-3 - 0) + 17 + -21)?
2
What is (3 - 9 - -12) + -17 - -2?
-9
-14 + -2 + -3 + 14 - (-2 - 4)
1
23 - (-25 + 22 + 37)
-11
(44 - 38) + -9 + (3 - 4)
-4
-57 - -64 - (-2 - (-28 + -5))
-24
Evaluate 1 + (-29 - -11) + 21.
4
Calculate -6 + 14 + -13 + 4 + 0 + 5.
4
What is (38 - 41) + 9 + 3?
9
Evaluate 14 + -9 - (6 + -5 + 5).
-1
Calculate -18 + (17 - (-15 + 6)).
8
Evaluate 11 - ((1 - 1) + -6 + 5).
12
(-9 - 14) + 16 - (20 + 0)
-27
Calculate (9 - (-8 + 24)) + 27.
20
Calculate (8 - 5) + (-20 + 20 - -29).
32
Calculate (-5 - (-7 + -3)) + -3 - 7 - -15.
10
Evaluate -17 + 10 - (13 + (10 - 14)).
-16
(127 - 113) + (1 - 2)
13
Calculate 2 + 2 + 8 + -21 - (-19 + 2).
8
Calculate -10 - (-3 + (14 - 12)).
-9
What is the value of -18 - (-3 + 7) - (1 - (3 + 0))?
-20
-4 + 37 - (-215 + 266)
-18
What is the value of -47 + 30 - -10 - -20?
13
What is -1 - (-49 - -50 - (0 + -4))?
-6
Evaluate 14 + (8 - 51) + 13.
-16
(-1 - -17) + 3 + 16 + -25
10
(6 - (2 + 17)) + 2
-11
What is the value of 0 + -10 - -4 - 1?
-7
Calculate (38 - 5) + -32 - -5.
6
3 + (-8 - -13 - 3)
5
What is the value of -20 + (21 - -8) - 29?
-20
12 + (-1 - -1 - (22 - 13 - 29))
32
0 + -1 + 11 - (11 + -2)
1
What is the value of (-6 + -1 - (-18 + -10)) + 1?
22
-4 - ((-17 - -25 - (0 - -44)) + 9)
23
16 - 16 - (-3 + 0 + 5 + -2)
0
Calculate 8 + -6 + (12 - -6) + -23.
-3
What is -4 + (-29 - (-4 + -21))?
-8
10 + (-21 + 3 - 9)
-17
Calculate 9 + ((-6 - 5) + 26 - 8).
16
3 + (-1 - -2) + (-44 + -34 - -51)
-23
What is the value of 2 + (12 - 5) - (-16 - -8)?
17
What is -10 + 15 + (15 - -1)?
21
-2 - 6 - (-113 - -119)
-14
Evaluate 141 + -140 - (-8 + 0 + (0 - 1)).
10
What is -16 + (-3 - -15) + 12 - 3?
5
What is the value of -13 - (-10 - -10 - 10)?
-3
4 - 2 - (-99 + 126) - 3
-28
-56 + 33 - (-4 + -12)
-7
(5 - (-2 + (1 - 3))) + -9
0
What is 79 + -17 + -95 + (-9 - (0 - 2))?
-40
What is the value of 2 + -4 - -5 - (-2 + 18)?
-13
Evaluate -2 + -6 + (-7 - (2 - (11 - 10))).
-16
What is the value of -4 - (-2 - 2 - (-14 + 6)) - -29?
21
(0 - -2) + (8 + (-9 - -8) - 22)
-13
What is (-4 + 11 - 14) + (0 - 1 - -22)?
14
Calculate -4 + 1 + (-1 - (3 + -14 - 0)).
7
What is the value of -48 + 64 - (9 - 5)?
12
Evaluate (2 - 3) + (-235 - -221).
-15
Evaluate 7 + -1 + -20 - 5.
-19
What is the value of -2 + (-7 - -10) - 5 - (-13 - 1)?
10
(-7 - -22) + 5 - 15
5
Calculate 1 + 1 + (11 - 22).
-9
What is 43 - (-1 - (28 - 53))?
19
What is 13 - 2 - 5 - (22 + -4 + -2)?
-10
Calculate 27 + -12 - 4 - (2 - -4).
5
What is the value of 3 + -2 + -14 + 13 + -3?
-3
(-17 - -4 - -15) + 9
11
Calculate -7 + (6 - -2) + -2 + 7 - -6.
12
What is the value of (-2 - -5 - 5) + -11 + 2 + -9?
-20
Evaluate 125 - 130 - (-6 + -4).
5
(-6 - (-7 - -9)) + -2
-10
What is -10 + 13 + (17 - 22) - -9?
7
Calculate -4 + (26 - -4) - (-4 + -4 + 13).
21
Evaluate 9 + (7 - 12) - (11 + 0 + 2).
-9
What is the value of -30 + (-2 - -4) + 6 + -1?
-23
Calculate (-1 - 1) + (7 - -8 - 2).
11
Calculate -23 - -9 - (-3 + (-1 - -13)).
-23
What is -18 - -39 - 12 - 26?
-17
What is (2 - 17) + 13 + -13 - (8 + -10)?
-13
Evaluate 11 + -14 - (-3 + -12).
12
Calculate -24 - (-8 + -10 - -2).
-8
What is the value of -14 + -24 - (-45 - 2)?
9
0 - ((34 - -1) + -2) - (-27 - -17)
-23
What is the value of 12 + (-18 - -6 - -11) + 5?
16
Evaluate 37 + 23 + -39 + -35.
-14
Calculate 0 + -16 + 14 - 6.
-8
Calculate 17 - (-1 + -7 - (-13 + -1)).
11
What is 7 - (-5 - -9 - (1 - 1))?
3
What is the value of -2 - (-3 + -4) - (1 + 14)?
-10
(-7 - -20) + 2 - (-1 - -5)
11
What is the value of -40 + (21 - 14) - -34?
1
(5 - -7 - 7) + (4 - (1 - 2))
10
3 - 31 - (3 + (-18 - -5))
-18
What is the value of 22 - (6 + -9 + -8 - -24)?
9
Calculate 0 + 7 + -6 + 1 + 7 + 2.
11
Evaluate -4 + 2 - ((-6 + 14 - 11) + 4).
-3
Calculate 0 + 3 - (-153 + 156).
0
Evaluate 7 - (-10 + -4 - (3 + -8 + 2)).
18
Calculate (0 - -8) + (-43 - -46) + 4 + 5.